mber?
False
Is 39707753629 prime?
True
Is 211472419 prime?
False
Is 16810864949 composite?
True
Is 209014342333 composite?
False
Is 49068293 composite?
False
Is 65723075137 prime?
True
Is 2738549139 a composite number?
True
Is 36974544967 prime?
False
Is 17612363141 composite?
False
Is 489909733 a prime number?
True
Is 6064320889 prime?
False
Is 910736081 a prime number?
True
Is 3849259519 prime?
False
Is 4965356915 a composite number?
True
Is 560127382 prime?
False
Is 2751904523 a prime number?
True
Is 155689277 a composite number?
True
Is 2408414929 a composite number?
True
Is 6004605329 a composite number?
False
Is 14406304999 a prime number?
False
Is 79987832501 composite?
False
Is 315569971 prime?
False
Is 1328406421 composite?
False
Is 315329986661 composite?
False
Is 4881659549 composite?
True
Is 164471593283 composite?
False
Is 58471388009 composite?
True
Is 21142256731 a composite number?
False
Is 1765813747 composite?
True
Is 1361235019 a prime number?
False
Is 3978877091 composite?
True
Is 2914727749 a composite number?
True
Is 54933331 a prime number?
False
Is 57302603 composite?
True
Is 819012661 prime?
True
Is 755067167 a composite number?
True
Is 1195787653 prime?
False
Is 140635403 a composite number?
True
Is 2756038567 a prime number?
False
Is 12272962601 composite?
False
Is 9695206999 a prime number?
True
Is 811145941 prime?
True
Is 2979412187 a prime number?
True
Is 36508035947 composite?
True
Is 728442217 a prime number?
True
Is 379889569 a composite number?
True
Is 14100092309 composite?
False
Is 39875365031 a prime number?
True
Is 2078305805 prime?
False
Is 9534781657 a prime number?
True
Is 69527143613 prime?
False
Is 18141769109 a composite number?
False
Is 2814532519 composite?
True
Is 241386497 a prime number?
False
Is 22180182133 composite?
True
Is 1773241303 a composite number?
True
Is 1647643201 a prime number?
True
Is 213525011 a prime number?
False
Is 1532680133 composite?
True
Is 2612350735 a prime number?
False
Is 10036049677 prime?
True
Is 902844703 prime?
True
Is 1483073519 composite?
True
Is 602578693 a composite number?
False
Is 1013629387 prime?
False
Is 16775696963 a composite number?
True
Is 16748790973 composite?
True
Is 7739429311 prime?
False
Is 6998222041 composite?
True
Is 280210519 prime?
False
Is 19937543383 a composite number?
False
Is 13911845039 composite?
False
Is 1542863921 a prime number?
True
Is 9732501487 composite?
True
Is 5973474211 prime?
True
Is 1944559783 a prime number?
True
Is 406640721 a composite number?
True
Is 42255246379 prime?
False
Is 45232119601 a prime number?
True
Is 99770276861 a composite number?
False
Is 756728989 a composite number?
False
Is 1712848793 prime?
False
Is 503653123 a prime number?
False
Is 1529022863 a prime number?
True
Is 56787072869 composite?
True
Is 17470250257 prime?
True
Is 198235231 a prime number?
True
Is 19401919 a prime number?
False
Is 716969377 composite?
True
Is 142195333 a composite number?
True
Is 1211697787 a prime number?
True
Is 2921551037 a prime number?
True
Is 19204440623 a composite number?
True
Is 63141293 a composite number?
False
Is 20344227173 a composite number?
True
Is 7176646193 a prime number?
False
Is 1162717817 prime?
True
Is 121344523 a prime number?
True
Is 1489382429 composite?
False
Is 47398523 a composite number?
False
Is 11429161943 a composite number?
False
Is 136218577 prime?
False
Is 5730912917 a composite number?
False
Is 32815899047 composite?
True
Is 249432511 prime?
True
Is 1674534469 a composite number?
True
Is 2616887263 composite?
True
Is 32155187 prime?
True
Is 75928733 composite?
False
Is 2776132241 a composite number?
False
Is 6095939683 a composite number?
True
Is 3982258873 a prime number?
True
Is 69316657591 a composite number?
False
Is 18079896553 a prime number?
True
Is 635583323 a composite number?
False
Is 1185092789 a prime number?
True
Is 10301631349 a prime number?
True
Is 246533617 composite?
True
Is 2555485979 prime?
True
Is 145916873 a composite number?
True
Is 131769683 prime?
True
Is 505601969 a prime number?
False
Is 42657533857 a composite number?
True
Is 12919085021 a composite number?
False
Is 626543167 a prime number?
True
Is 786883657 prime?
False
Is 19930120271 composite?
False
Is 55448172159 a composite number?
True
Is 837846817 a composite number?
True
Is 4509696439 prime?
True
Is 10906654067 a prime number?
True
Is 51429054683 a prime number?
False
Is 4417242563 prime?
True
Is 11210974397 composite?
True
Is 9865450279 prime?
True
Is 3287057549 a composite number?
True
Is 29724450869 composite?
True
Is 380297287 prime?
False
Is 236582842 composite?
True
Is 19359492923 a prime number?
True
Is 33156631331 composite?
True
Is 86178217705 composite?
True
Is 4252862099 a prime number?
True
Is 2553188093 a composite number?
False
Is 139964438 composite?
True
Is 735366553 prime?
True
Is 3748676731 composite?
False
Is 11459584199 a prime number?
False
Is 1257242963 composite?
False
Is 622703819 a prime number?
False
Is 949689347 composite?
True
Is 1060973399 a prime number?
True
Is 183858626431 a prime number?
True
Is 10594250969 a prime number?
True
Is 2746407407 composite?
False
Is 89319269147 composite?
False
Is 36984408233 a prime number?
False
Is 67170021137 composite?
True
Is 40668098 a prime number?
False
Is 103688952833 composite?
True
Is 116437175851 a prime number?
False
Is 29604101323 prime?
False
Is 77651107 prime?
True
Is 7887098449 prime?
True
Is 24415141 composite?
False
Is 36519463 prime?
False
Is 2647108769 composite?
False
Is 87990949 a prime number?
True
Is 1005027073 a composite number?
True
Is 176430170639 prime?
True
Is 5883884069 a prime number?
False
Is 153360950597 a prime number?
False
Is 85252969309 composite?
False
Is 544820593 prime?
False
Is 17261983067 a prime number?
False
Is 6540341231 prime?
False
Is 44975521397 composite?
True
Is 175978193299 a composite number?
False
Is 16317097229 composite?
True
Is 13378551619 prime?
True
Is 77491255889 prime?
True
Is 5418532199 a composite number?
True
Is 143717207 a prime number?
False
Is 29946458219 a composite number?
False
Is 42386685977 a composite number?
False
Is 1053947177 composite?
True
Is 79637942221 a prime number?
False
Is 2678185429 a composite number?
True
Is 12270715241 a prime number?
False
Is 1289297753 a prime number?
True
Is 638949691 prime?
False
Is 14576098261 a composite number?
True
Is 5849859269 a composite number?
False
Is 2383105507 a prime number?
False
Is 166865357567 a prime number?
True
Is 15373321837 composite?
False
Is 456723563 a prime number?
True
Is 47416704799 composite?
False
Is 33415606615 a composite number?
True
Is 10691789 a prime number?
True
Is 379032263 a composite number?
False
Is 10615888147 prime?
True
Is 9438741197 a composite number?
True
Is 571921618 prime?
False
Is 1347349021 a composite number?
False
Is 465573499 composite?
False
Is 31596912557 a prime number?
False
Is 161835099557 a prime number?
True
Is 101484443 composite?
False
Is 1150578881 composite?
True
Is 816642454 a prime number?
False
Is 3052652419 composite?
True
Is 129782029493 prime?
False
Is 344216897 composite?
False
Is 24983239 composite?
True
Is 99266987467 prime?
False
Is 2080364201 a composite number?
True
Is 6103799461 a prime number?
False
Is 2429943181 a prime number?
False
Is 1251004283 a prime number?
True
Is 199346053 prime?
True
Is 3389388367 composite?
True
Is 42902283667 a composite number?
True
Is 485425319 a prime number?
False
Is 56734372223 a prime number?
True
Is 1886319691 prime?
True
Is 712315901 a prime number?
False
Is 11514404539 a composite number?
True
Is 22261334087 a composite number?
False
Is 2161161217 a prime number?
True
Is 500899567 a prime number?
False
Is 253796980271 a prime number?
True
Is 374379823 a prime number?
True
Is 4253316857 composite?
True
Is 2613885451 a composite number?
False
Is 103141813 a prime number?
False
Is 3111205859 composite?
False
Is 244236389 a composite number?
True
Is 759192673 composite?
False
Is 5433835019 prime?
True
Is 3843865757 composite?
True
Is 2148318377 a prime number?
False
Is 1782712067 prime?
True
Is 37944651053 composite?
False
Is 14738029 composite?
False
Is 81708714127 composite?
True
Is 61521101995 a composite number?
